 be 6 + 2 + v + (-2 - 7). Suppose 2*h - 6 = k, -k - 3 - 11 = -4*h. Calculate the highest common divisor of h and u.
2
Let u = 84330 - 84150. Let k be 4/14 + 248/14. Calculate the greatest common factor of k and u.
18
Let f(s) = 21*s + 1. Let q be f(1). Let r(b) = 2*b**3 - 13*b**2 + 2*b - 30. Let o be r(7). Calculate the greatest common factor of q and o.
11
Suppose -5*t - 5*l = -25, -t + 0*t + 2*l - 10 = 0. Suppose a = 5*i + 18 - 7, t = 3*a - i - 75. Let z = 111 - 46. Calculate the highest common factor of a and z.
13
Let r(l) = 114*l**2 + l - 1. Let b be r(1). Let f(t) = -333*t - 27116. Let x be f(-82). What is the greatest common factor of x and b?
38
Let k be ((-22)/(-10) - (-4 - -7))*-20. Suppose -9*v + k*v = 350. What is the highest common factor of v and 20?
10
Let m be ((-16)/12)/4 - (-172)/12. Suppose m = 87*t - 86*t. What is the highest common factor of 56 and t?
14
Suppose -6 = -3*c, 3*b - 364*c - 20450 = -362*c. Calculate the greatest common factor of 14 and b.
14
Suppose 0 = 11*v - 181419 - 97236 + 50405. What is the greatest common factor of v and 166?
166
Let u(n) = 6*n**2 - 16*n - 3. Let t be u(3). Suppose -544 = -5*p + 14*l - 12*l, 314 = t*p + 5*l. What is the greatest common factor of 4 and p?
4
Let o be (10/4 + 2)*(-134 + 1322). Calculate the greatest common factor of 22 and o.
22
Suppose 2*a = -8 - 4, -3*w + 5*a + 276 = 0. Calculate the highest common factor of 4 and w.
2
Suppose 2*p + 10*w - 2422 = 0, -19*p + 15*p = 2*w - 4952. Calculate the highest common factor of p and 374.
17
Suppose -432*d + 227101 - 26221 = 0. Calculate the greatest common divisor of d and 186.
93
Suppose -73*c = -76*c + 1323. Suppose 5*y - 10 - 45 = 5*h, 2 = -h. What is the highest common factor of c and y?
9
Let y = -153 + 153. Suppose 3*t - 133 = -y*r + 4*r, 4*t - 176 = 4*r. Calculate the highest common factor of 344 and t.
43
Let m = -171 - -130. Let z = m + 110. What is the greatest common divisor of z and 46?
23
Let f(b) = -7*b + 6. Let t be f(2). Let c be (-3 + (-25)/(-10))*t. Let l be (c/30)/((-9)/(-45))*57. What is the highest common divisor of l and 57?
19
Let h be ((-1)/2)/((-2)/88). Suppose 3*v - 268 = -250. Suppose v*s - 338 = 190. What is the greatest common divisor of s and h?
22
Suppose 2*i - 27 = -1. Suppose -9*t - i*t = -198. Suppose -3*r = -640 + 208. Calculate the greatest common factor of r and t.
9
Let z(b) be the second derivative of 4*b**5/5 - 5*b**3/6 + 3*b**2 + 7*b. Let t be z(-3). Let l = -249 - t. Calculate the greatest common factor of l and 18.
18
Suppose 0 = -2*n + 3*p + p + 8, 0 = -3*p + 12. Suppose -40706 = 52*l - 71282. What is the highest common divisor of n and l?
12
Let s be 40/((-4)/14 + (-240)/(-252)). Let z = -86 - -746. Calculate the greatest common factor of s and z.
60
Suppose -7*t + 3324 = -177 - 69. What is the greatest common factor of 30 and t?
30
Suppose 5*r + 5*o = 2630, -180*o + 8 = -179*o. Calculate the greatest common divisor of 238 and r.
14
Let g = 42434 + -30086. What is the greatest common divisor of 252 and g?
252
Suppose -5*d + 87 = r + 2*r, -2*r + 42 = -2*d. Suppose -6*y = -2*y - r. Let o = -108 - -111. Calculate the greatest common factor of o and y.
3
Suppose 2*b = -d + 388, 0 = -8*b + 6*b + d + 396. Suppose 2*a + 60 = 2*r + r, a = r - 19. Let p = r + 6. What is the highest common divisor of b and p?
28
Let b = 6564 - -521. Calculate the greatest common factor of 65 and b.
65
Let g be (7 - (-1936)/(-272) - (-21084)/34) + 4. What is the greatest common factor of 39 and g?
39
Suppose 149 = 9*h - 49. Let p = -972 - -1522. What is the greatest common divisor of p and h?
22
Suppose -16*g - 473 = -27*g. Suppose g = -16*d + 8747. Calculate the highest common divisor of 68 and d.
68
Suppose 0 = -5*m - 0*m + 4*r + 532, -2*r = -5*m + 526. Let f = 5514 - 5150. What is the greatest common factor of f and m?
52
Let t(l) = -63*l + 709. Let w be t(11). Let s be (1 - 1) + (4 - -556). What is the highest common divisor of w and s?
16
Let b = 112 - 104. Suppose b*j + 84 = 11*j. Calculate the highest common divisor of 91 and j.
7
Let p be -3 + -5 - -1 - -9. Suppose i - 11 = -p*q, q = i - 4*q - 25. Calculate the highest common factor of i and 25.
5
Suppose 11*r - 20 - 13 = 0. Let q be (5 - 0)*(r + (-66)/(-5)). Calculate the greatest common divisor of 9 and q.
9
Let i = -776 - -776. Let n = 121 + 101. Suppose 4*f - 887 = 3*m, m + i*m = f - n. Calculate the greatest common factor of f and 17.
17
Let l be 187 - 1 - (-4 - (24 + -33)). Calculate the highest common divisor of l and 543.
181
Suppose 3*j - 108*s = -111*s + 510, -j - 5*s + 150 = 0. What is the highest common factor of j and 1200?
25
Let f = 55096 - 54200. Suppose 4 - 1 = 3*g, 4*z + 5*g = 453. Calculate the highest common factor of z and f.
112
Let a = 226 + -210. Suppose 682 = a*g + 6*g. What is the highest common divisor of 31 and g?
31
Suppose -3*a + 299 + 181 = 0. Suppose 0 = 4*d - 0*d - a. Let v(x) = -170*x + 1206. Let i be v(7). Calculate the highest common factor of i and d.
8
Suppose -327206 - 735754 = -172*f. What is the highest common divisor of f and 60?
60
Let h be 0 + (5 - -2)*-14. Let w = h - -127. What is the greatest common factor of 29 and w?
29
Suppose -b - 91 - 38 = -g, g - 4*b = 120. Calculate the greatest common factor of 1068 and g.
12
Suppose -5*s + 24*c + 783 = 21*c, -30*s + 4887 = 3*c. Calculate the greatest common factor of s and 16686.
162
Suppose 154 = -121*n + 143*n. What is the highest common factor of 4319 and n?
7
Suppose -4*s - 24 = -10*s. Suppose 0 = -4*m - a - 17 + 129, 0 = 4*m - 4*a - 112. What is the greatest common factor of m and s?
4
Suppose 144*i + 21760 = 280*i. What is the greatest common factor of i and 940?
20
Suppose 0 = -8*s + 5*s - 4*l + 35, 0 = 2*l - 4. Suppose 0 = s*j - 128 - 52. Let i be 2/(-8) + 2 + 685/j. What is the greatest common factor of 12 and i?
12
Let y(p) = p**2 + 89*p - 670. Let i be y(-145). What is the greatest common divisor of i and 50?
50
Suppose 0 = -50*w + 4298 + 6152. Let v be (1*12/3)/(38/w). What is the highest common factor of 374 and v?
22
Suppose -35073*g - 345 = -35088*g. Let k be 2001/(-2 - -5)*1. What is the highest common divisor of g and k?
23
Let t = -411 - 75. Let n = -358 - t. Calculate the greatest common factor of n and 16.
16
Let i be ((-8)/5)/((36/2175)/(-6)). Let f = 406 - i. Let h be 1 + 3/(-4) + f/(-8). Calculate the highest common divisor of 88 and h.
22
Let i be -1713*(-10)/195 + (-68)/(-442). What is the greatest common divisor of i and 374?
22
Suppose -237 = -7*m - 27. Suppose 12*n + 300 = 4*i + 8*n, 2*i + 3*n = 150. What is the highest common divisor of m and i?
15
Let f(b) = -2*b**2 - 17*b + 10. Let j be f(-9). Let a be (j - (-4 - -4))*29. What is the greatest common divisor of 261 and a?
29
Suppose -392 = 5*i - 357. Let v be (-5887)/(-49) + (2/i)/2. Calculate the greatest common factor of 36 and v.
12
Let z = 28475 + -28340. Suppose 5*d - 209 = 4*j, -d + 3*j + 7 = -26. What is the greatest common factor of z and d?
45
Suppose -15*b + 27 + 48 = 0. Let p be 30/(-25)*-55 - (0 - -1). What is the highest common factor of b and p?
5
Let p(k) = 4*k**2 + 94*k - 99. Let c be p(-61). Calculate the greatest common divisor of 21 and c.
21
Let m(t) = 27*t**2 + 4*t - 7. Let o be m(-5). Let q = 130834 - 130762. What is the highest common factor of q and o?
72
Let a be 22/8 - 1 - 18/(-72). Suppose 6*t - a = 16. Suppose -4*j = -i - 17, -2*j - 8*i = -13*i - 31. Calculate the greatest common divisor of t and j.
3
Suppose -59 = 92*f - 15566 - 18717. Calculate the highest common divisor of f and 1767.
93
Let j(c) = -c**3 - 13*c**2 - 23*c - 2. Let q be j(-11). Suppose q*h - 2*i = 4*h + 526, -h + 95 = 3*i. What is the highest common divisor of h and 13?
13
Suppose -64 = 258*u - 254*u. Let o = u + 42. What is the greatest common divisor of 182 and o?
26
Suppose 9*a - 47 = -5*i + 5*a, 3*a - 42 = -6*i. Calculate the greatest common divisor of i and 5721.
3
Let o(u) = -14*u. Let c(g) = g**3 - 6*g**2 - 7*g - 3. Let a be c(7). Let i be o(a). Let z = -950 + 964. Calculate the highest common divisor of i and z.
14
Let t(j) = 42*j**2 - 541*j + 35. Let i be t(14). Calculate the greatest common factor of 891 and i.
99
Suppose -94 + 310 = 9*b. Suppose 0 = 6*l - 162 - b. Calculate the gre